base 3, what is 21221001010020 - 11121?
21221000221122
In base 14, what is -95c - -60605?
5da87
In base 5, what is -1020302 + -4022?
-1024324
In base 13, what is -529 - -c5cc9?
c57a0
In base 10, what is -36 - -74804?
74768
In base 12, what is -21324a0 - -2?
-213249a
In base 7, what is 160126 - 1466?
155330
In base 11, what is -5718 - -44aa9?
3a391
In base 7, what is 634512044 + -6?
634512035
In base 14, what is -1bd0 - 10?
-1c00
In base 8, what is 1231240 - -17?
1231257
In base 7, what is 1032154 + -52?
1032102
In base 10, what is -56210 + -10328?
-66538
In base 2, what is -1 - -10110100001101000110010?
10110100001101000110001
In base 12, what is -25657 - 174?
-2580b
In base 6, what is 52305 + 20404?
113113
In base 16, what is -1252a - 0?
-1252a
In base 15, what is -3705c79 + -a?
-3705c84
In base 14, what is 599ab - -2c?
599d9
In base 10, what is 2 + 84100113?
84100115
In base 9, what is 154535053 + -2?
154535051
In base 12, what is -13b2b - -55?
-13a96
In base 9, what is 2 + -177742048?
-177742046
In base 10, what is -4 - -1902793?
1902789
In base 9, what is 255 + -127782?
-127526
In base 3, what is -10 - -222010202012?
222010202002
In base 7, what is 531 + -11531?
-11000
In base 10, what is 103169 - 1214?
101955
In base 3, what is 22122210 - 21010221?
1111212
In base 5, what is 330003122 - 2?
330003120
In base 11, what is 0 - 1273491?
-1273491
In base 5, what is -1302423312 - -1021?
-1302422241
In base 14, what is -2b37 + 158a?
-158b
In base 9, what is 0 + -71175285?
-71175285
In base 3, what is -100 - 220220222122?
-220220222222
In base 13, what is 809170 + 0?
809170
In base 11, what is -4798683 + -2?
-4798685
In base 15, what is 4683 + -187?
44eb
In base 9, what is 262268050 - -4?
262268054
In base 6, what is 201412410 + 24?
201412434
In base 9, what is -2527146 - 1584?
-2528741
In base 11, what is -36 - 3a5065?
-3a50a0
In base 16, what is 28b8 - -8e6b?
b723
In base 4, what is -3012111 + -13333?
-3032110
In base 14, what is c9 - -154aa?
15595
In base 11, what is -560a0 + -65?
-56155
In base 7, what is 1043 - 20533300?
-20532224
In base 9, what is 7878183 + -7?
7878175
In base 2, what is -1011111110100000000 - -101111?
-1011111110011010001
In base 10, what is 1374601 - 1?
1374600
In base 9, what is -3000050 + 0?
-3000050
In base 14, what is -5784 - -4200?
-1584
In base 13, what is -357 - -1135?
aab
In base 10, what is 574151 + -2?
574149
In base 7, what is 1056501 + -12?
1056456
In base 13, what is -155981 - 1?
-155982
In base 15, what is 4 + 4284b86?
4284b8a
In base 12, what is bb8 - -1ba72?
20a6a
In base 10, what is 608691 - 10?
608681
In base 7, what is -34162465 - 4?
-34162502
In base 9, what is -354676127 + -1?
-354676128
In base 10, what is 9195555 + 0?
9195555
In base 14, what is -c54619 - 92?
-c546ab
In base 16, what is -1 - 13c784d?
-13c784e
In base 10, what is -248665 - 5?
-248670
In base 11, what is -9113a0 - -17?
-911384
In base 14, what is 3 + -172713?
-172710
In base 16, what is 495af - 2a?
49585
In base 12, what is -742 + 733?
-b
In base 14, what is -72cd0 + -52?
-72d42
In base 4, what is 21123110233 - 31?
21123110202
In base 4, what is -1312302201030 + 0?
-1312302201030
In base 13, what is 2a7 - -24337?
24611
In base 13, what is -1 + -6822718?
-6822719
In base 4, what is -122322103 + -103?
-122322212
In base 12, what is -a54248a + 4?
-a542486
In base 2, what is -11100011011010111 - 11001101?
-11100011110100100
In base 15, what is -9d28 - 98?
-9dc1
In base 7, what is 20041612 + 140?
20042052
In base 9, what is -2 + -451188870?
-451188872
In base 10, what is 1 - -37359002?
37359003
In base 6, what is 44052 + 50552?
135044
In base 15, what is 132227 + 0?
132227
In base 7, what is -35160603 - 5?
-35160611
In base 12, what is 472353 + 17?
47236a
In base 2, what is 110110111011011111 + -10010?
110110111011001101
In base 4, what is 3 + -13313013101?
-13313013032
In base 7, what is 24223335 + -21?
24223314
In base 3, what is -1010120112020201 - 1?
-1010120112020202
In base 15, what is 4 - -b2429?
b242d
In base 7, what is 246024 - -600?
246624
In base 6, what is -4 - 35123310?
-35123314
In base 16, what is -136 + a4a3?
a36d
In base 7, what is -4602626422 - -2?
-4602626420
In base 2, what is 11100111101 - -1011111101001110?
1100011010001011
In base 9, what is 74173 + -6847?
66225
In base 7, what is -231 - -315351?
315120
In base 10, what is -34 + -14658159?
-14658193
In base 15, what is -1400 + -231?
-1631
In base 2, what is -10011111 - 100111000110001?
-100111011010000
In base 3, what is -121102012200220 + -101?
-121102012201021
In base 4, what is -323102103211 + 30?
-323102103121
In base 5, what is 34 + 31102101?
31102140
In base 15, what is 6c16 + -20d11?
-190ea
In base 2, what is 101001000010001011111110 + -100111?
101001000010001011010111
In base 11, what is -1 - -3aaaa355?
3aaaa354
In base 13, what is -6587 + 961?
-5926
In base 2, what is 1010000 - -10101110011011001?
10101110100101001
In base 7, what is -16 - 165140010?
-165140026
In base 4, what is -22301232 + 1231?
-22300001
In base 13, what is -89a097 + -5?
-89a09c
In base 5, what is -1240310 - -3334?
-1231421
In base 2, what is -111011010 + -11110001101111100?
-11110010101010110
In base 6, what is 4 - -30151551045?
30151551053
In base 2, what is -10000011 - 100100010001100100?
-100100010011100111
In base 7, what is 215 + -261543?
-261325
In base 7, what is -11166662643 - 5?
-11166662651
In base 15, what is -191b - -a90?
-d7b
In base 14, what is 9a05b16 + -1?
9a05b15
In base 9, what is 142880514 - 0?
142880514
In base 16, what is 88ee - 258?
8696
In base 7, what is 1 + -260321501?
-260321500
In base 14, what is 744 - -15663?
15da7
In base 8, what is -11207216 + 5?
-11207211
In base 6, what is 430100144 + 5?
430100153
In base 4, what is 3 + -223010210?
-223010201
In base 16, what is -5 + -651748?
-65174d
In base 9, what is 602085 + -3552?
587433
In base 7, what is -344114 + -2122?
-346236
In base 10, what is -1755 - 9198?
-10953
In base 2, what is -1000011010011101111111 - -110?
-1000011010011101111001
In base 9, what is 4 + 14045135?
14045140
In base 9, what is -165 - 330887?
-331163
In base 9, what is 3 - -4114384?
4114387
In base 11, what is 525 - -104?
629
In base 6, what is -5 + -121342005?
-121342014
In base 6, what is -20115040 + 12?
-20115024
In base 11, what is 523971 + -1a5?
523777
In base 16, what is -31f3 + 2ea8?
-34b
In base 14, what is 5 + -3da36a2?
-3da369b
In base 7, what is -2233 - 16332?
-21565
In base 2, what is 111110001100001 + -1100110010001?
110001011010000
In base 12, what is -1771a93 - -1?
-1771a92
In base 11, what is -169875 - -7?
-169869
In base 7, what is 1465532525 - 0?
1465532525
In base 4, what is -130 - 32220302?
-32221032
In base 13, what is -7724a + -10b?
-77358
In base 6, what is -331 - -1531103?
1530332
In base 3, what is -22022121221 + 10?
-22022121211
In base 2, what is 1101000100011110 + 110?
1101000100100100
In base 13, what is b + -38cc78?
-38cc6a
In base 12, what is 392467 + 4?
39246b
In base 6, what is 12 - 110052043?
-110052031
In base 7, what is 45662 - -2524?
51516
In base 16, what is -2431c + -cc?
-243e8
In base 3, what is 1202011020210 + -101?
1202011020102
In base 2, what is -10111010110 + -10000110011110?
-10011101110100
In base 2, what is 10000 + 10111011111011011100101?
10111011111011011110101
In base 3, what is 21122110120211012110 + 2?
21122110120211012112
In base 8, what is -76 + -403231?
-403327
In base 4, what is -122 + -11222131123?
-11222131311
In base 7, what is 3234 - -61402?
64636
In base 12, what is 3 + 16a233?
16a236
In base 8, what is -46 + -2140031?
-2140077
In base 7, what is 23 + -15433013?
-15432660
In base 2, what is 100 - -111001001000000111011000?
111001001000000111011100
In base 6, what is -21011535 + -1?
-21011540
In base 15, what is 27c + 1689c6?
168c53
In base 9, what is 71084 - 106?
70877
In base 2, what is 100111111000001001101 - 111?
100111111000001000110
In base 4, what is -11 + -131333000022?
-131333000033
In base 9, what is -87050535 - 3?
-87050538
In base 12, what is 73a108b - 1?
73a108a
In base 12, what is -1969149 + 4?
-1969145
In base 6, what is 35133 + -1314?
33415
In base 3, what is 1000020 + 2200022020?
2201022110
In base 5, what is 4240300300 + 22?
4240300322
In base 12, what is -1a